{"id":41,"date":"2023-07-23T19:28:57","date_gmt":"2023-07-23T19:28:57","guid":{"rendered":"https:\/\/julisconcepts.de\/?page_id=41"},"modified":"2023-11-08T18:56:17","modified_gmt":"2023-11-08T18:56:17","slug":"schoene-portfolios-fuer-aussergewoehnliche-kreative","status":"publish","type":"page","link":"https:\/\/julisconcepts.de\/","title":{"rendered":"Willkommen auf meinem Blog"},"content":{"rendered":"\n<p class=\"has-text-align-center\">Ich bin Julia (21) und eine echte Sunsetcatcherin!<\/p>\n\n\n\n<p class=\"has-text-align-center\">Ich liebe die Natur, das Reisen und alles was mit Fotografie und Texten zu tun hat. <\/p>\n\n\n\n<p class=\"has-text-align-center\">F\u00fchl dich also eingeladen \u00fcber meinen Block zu st\u00f6bern. Hier teile ich ganz ungezwungen Dinge, die ich mir durch den Kopf gehen. <\/p>\n\n\n\n<p class=\"has-text-align-center\">Viel Spa\u00df beim Lesen!<\/p>\n\n\n\n<div style=\"height:55px\" aria-hidden=\"true\" class=\"wp-block-spacer\"><\/div>\n\n\n\n<div class=\"wp-block-group alignfull has-background\" style=\"background-color:#e5e9ec\"><div class=\"wp-block-group__inner-container is-layout-flow wp-block-group-is-layout-flow\">\n<div class=\"wp-block-columns is-layout-flex wp-container-core-columns-is-layout-9d6595d7 wp-block-columns-is-layout-flex\">\n<div class=\"wp-block-column is-vertically-aligned-center is-layout-flow wp-block-column-is-layout-flow\">\n<h2 class=\"wp-block-heading\">\u00dcber mich<\/h2>\n\n\n\n<p>Hi \ud83d\ude42<\/p>\n\n\n\n<p>Ich bin Julia, 21 Jahre alt und ich liebe es die Welt zu erkunden. Ich liebe Natur, St\u00e4dte, Tiere und das Reisen.<\/p>\n\n\n\n<div class=\"wp-block-buttons is-horizontal is-content-justification-left is-layout-flex wp-container-core-buttons-is-layout-7e5fce0a wp-block-buttons-is-layout-flex\">\n<div class=\"wp-block-button is-style-outline is-style-outline--1\"><a class=\"wp-block-button__link wp-element-button\" href=\"https:\/\/julisconcepts.de\/?page_id=42\">\u00dcber mich<\/a><\/div>\n<\/div>\n\n\n\n<p><\/p>\n<\/div>\n\n\n\n<div class=\"wp-block-column is-layout-flow wp-block-column-is-layout-flow\">\n<div style=\"height:48px\" aria-hidden=\"true\" class=\"wp-block-spacer\"><\/div>\n\n\n\n<figure class=\"wp-block-image size-large\"><img loading=\"lazy\" decoding=\"async\" width=\"768\" height=\"1024\" src=\"https:\/\/julisconcepts.de\/wp-content\/uploads\/2023\/07\/IMG_7916-768x1024.jpg\" alt=\"\" class=\"wp-image-69\" srcset=\"https:\/\/julisconcepts.de\/wp-content\/uploads\/2023\/07\/IMG_7916-768x1024.jpg 768w, https:\/\/julisconcepts.de\/wp-content\/uploads\/2023\/07\/IMG_7916-225x300.jpg 225w, https:\/\/julisconcepts.de\/wp-content\/uploads\/2023\/07\/IMG_7916-1152x1536.jpg 1152w, https:\/\/julisconcepts.de\/wp-content\/uploads\/2023\/07\/IMG_7916-1536x2048.jpg 1536w, https:\/\/julisconcepts.de\/wp-content\/uploads\/2023\/07\/IMG_7916-2000x2667.jpg 2000w, https:\/\/julisconcepts.de\/wp-content\/uploads\/2023\/07\/IMG_7916-scaled.jpg 1920w\" sizes=\"auto, (max-width: 768px) 100vw, 768px\" \/><\/figure>\n<\/div>\n<\/div>\n<\/div><\/div>\n\n\n\n<div class=\"wp-block-group alignfull\"><div class=\"wp-block-group__inner-container is-layout-flow wp-block-group-is-layout-flow\">\n<div class=\"wp-block-columns are-vertically-aligned-center is-layout-flex wp-container-core-columns-is-layout-9d6595d7 wp-block-columns-is-layout-flex\">\n<div class=\"wp-block-column is-vertically-aligned-center is-layout-flow wp-block-column-is-layout-flow\">\n<div style=\"height:48px\" aria-hidden=\"true\" class=\"wp-block-spacer\"><\/div>\n\n\n\n<figure class=\"wp-block-image size-large\"><img loading=\"lazy\" decoding=\"async\" width=\"1024\" height=\"768\" src=\"https:\/\/julisconcepts.de\/wp-content\/uploads\/2023\/07\/IMG_1884-1-1024x768.jpg\" alt=\"\" class=\"wp-image-96\" srcset=\"https:\/\/julisconcepts.de\/wp-content\/uploads\/2023\/07\/IMG_1884-1-1024x768.jpg 1024w, https:\/\/julisconcepts.de\/wp-content\/uploads\/2023\/07\/IMG_1884-1-300x225.jpg 300w, https:\/\/julisconcepts.de\/wp-content\/uploads\/2023\/07\/IMG_1884-1-768x576.jpg 768w, https:\/\/julisconcepts.de\/wp-content\/uploads\/2023\/07\/IMG_1884-1-1536x1151.jpg 1536w, https:\/\/julisconcepts.de\/wp-content\/uploads\/2023\/07\/IMG_1884-1-2000x1499.jpg 2000w\" sizes=\"auto, (max-width: 1024px) 100vw, 1024px\" \/><\/figure>\n<\/div>\n\n\n\n<div class=\"wp-block-column is-vertically-aligned-center is-layout-flow wp-block-column-is-layout-flow\">\n<h2 class=\"wp-block-heading\">Mein Blog<\/h2>\n\n\n\n<p>Von Israel nach Deutschland, aus der Heimatstadt, dem Gem\u00fcsegarten und der Musik bis hin in den Familienurlaub.<\/p>\n\n\n\n<div class=\"wp-block-buttons is-layout-flex wp-block-buttons-is-layout-flex\">\n<div class=\"wp-block-button is-style-outline is-style-outline--2\"><a class=\"wp-block-button__link wp-element-button\" href=\"https:\/\/julisconcepts.de\/?page_id=44\">Blog<\/a><\/div>\n<\/div>\n<\/div>\n<\/div>\n<\/div><\/div>\n\n\n\n<div class=\"wp-block-group alignfull has-black-background-color has-background\"><div class=\"wp-block-group__inner-container is-layout-flow wp-block-group-is-layout-flow\">\n<h2 class=\"wp-block-heading has-text-align-center has-white-color has-text-color\"><strong>Gallery<\/strong><\/h2>\n\n\n\n<figure class=\"wp-block-gallery aligncenter has-nested-images columns-default is-cropped wp-block-gallery-3 is-layout-flex wp-block-gallery-is-layout-flex\">\n<figure class=\"wp-block-image size-large\"><img loading=\"lazy\" decoding=\"async\" width=\"768\" height=\"1024\" data-id=\"103\" src=\"https:\/\/julisconcepts.de\/wp-content\/uploads\/2023\/07\/IMG_3090-768x1024.jpeg\" alt=\"\" class=\"wp-image-103\" srcset=\"https:\/\/julisconcepts.de\/wp-content\/uploads\/2023\/07\/IMG_3090-768x1024.jpeg 768w, https:\/\/julisconcepts.de\/wp-content\/uploads\/2023\/07\/IMG_3090-225x300.jpeg 225w, https:\/\/julisconcepts.de\/wp-content\/uploads\/2023\/07\/IMG_3090-1152x1536.jpeg 1152w, https:\/\/julisconcepts.de\/wp-content\/uploads\/2023\/07\/IMG_3090-1536x2048.jpeg 1536w, https:\/\/julisconcepts.de\/wp-content\/uploads\/2023\/07\/IMG_3090-2000x2667.jpeg 2000w, https:\/\/julisconcepts.de\/wp-content\/uploads\/2023\/07\/IMG_3090-scaled.jpeg 1920w\" sizes=\"auto, (max-width: 768px) 100vw, 768px\" \/><\/figure>\n\n\n\n<figure class=\"wp-block-image size-large\"><img loading=\"lazy\" decoding=\"async\" width=\"768\" height=\"1024\" data-id=\"105\" src=\"https:\/\/julisconcepts.de\/wp-content\/uploads\/2023\/07\/IMG_0677-768x1024.jpeg\" alt=\"\" class=\"wp-image-105\" srcset=\"https:\/\/julisconcepts.de\/wp-content\/uploads\/2023\/07\/IMG_0677-768x1024.jpeg 768w, https:\/\/julisconcepts.de\/wp-content\/uploads\/2023\/07\/IMG_0677-225x300.jpeg 225w, https:\/\/julisconcepts.de\/wp-content\/uploads\/2023\/07\/IMG_0677-1152x1536.jpeg 1152w, https:\/\/julisconcepts.de\/wp-content\/uploads\/2023\/07\/IMG_0677-1536x2048.jpeg 1536w, https:\/\/julisconcepts.de\/wp-content\/uploads\/2023\/07\/IMG_0677-2000x2667.jpeg 2000w, https:\/\/julisconcepts.de\/wp-content\/uploads\/2023\/07\/IMG_0677-scaled.jpeg 1920w\" sizes=\"auto, (max-width: 768px) 100vw, 768px\" \/><\/figure>\n\n\n\n<figure class=\"wp-block-image size-large\"><img loading=\"lazy\" decoding=\"async\" width=\"768\" height=\"1024\" data-id=\"107\" src=\"https:\/\/julisconcepts.de\/wp-content\/uploads\/2023\/07\/IMG_2913-768x1024.jpeg\" alt=\"\" class=\"wp-image-107\" srcset=\"https:\/\/julisconcepts.de\/wp-content\/uploads\/2023\/07\/IMG_2913-768x1024.jpeg 768w, https:\/\/julisconcepts.de\/wp-content\/uploads\/2023\/07\/IMG_2913-225x300.jpeg 225w, https:\/\/julisconcepts.de\/wp-content\/uploads\/2023\/07\/IMG_2913-1152x1536.jpeg 1152w, https:\/\/julisconcepts.de\/wp-content\/uploads\/2023\/07\/IMG_2913-1536x2048.jpeg 1536w, https:\/\/julisconcepts.de\/wp-content\/uploads\/2023\/07\/IMG_2913-2000x2667.jpeg 2000w, https:\/\/julisconcepts.de\/wp-content\/uploads\/2023\/07\/IMG_2913-scaled.jpeg 1920w\" sizes=\"auto, (max-width: 768px) 100vw, 768px\" \/><\/figure>\n\n\n\n<figure class=\"wp-block-image size-large\"><img loading=\"lazy\" decoding=\"async\" width=\"768\" height=\"1024\" data-id=\"199\" src=\"https:\/\/julisconcepts.de\/wp-content\/uploads\/2023\/08\/IMG_1337-min-768x1024.jpg\" alt=\"\" class=\"wp-image-199\" srcset=\"https:\/\/julisconcepts.de\/wp-content\/uploads\/2023\/08\/IMG_1337-min-768x1025.jpg 768w, https:\/\/julisconcepts.de\/wp-content\/uploads\/2023\/08\/IMG_1337-min-225x300.jpg 225w, https:\/\/julisconcepts.de\/wp-content\/uploads\/2023\/08\/IMG_1337-min-1151x1536.jpg 1151w, https:\/\/julisconcepts.de\/wp-content\/uploads\/2023\/08\/IMG_1337-min.jpg 1536w\" sizes=\"auto, (max-width: 768px) 100vw, 768px\" \/><\/figure>\n\n\n\n<figure class=\"wp-block-image size-large\"><img loading=\"lazy\" decoding=\"async\" width=\"768\" height=\"1024\" data-id=\"180\" src=\"https:\/\/julisconcepts.de\/wp-content\/uploads\/2023\/07\/IMG_2763-min-768x1024.jpg\" alt=\"\" class=\"wp-image-180\" srcset=\"https:\/\/julisconcepts.de\/wp-content\/uploads\/2023\/07\/IMG_2763-min-768x1024.jpg 768w, https:\/\/julisconcepts.de\/wp-content\/uploads\/2023\/07\/IMG_2763-min-225x300.jpg 225w, https:\/\/julisconcepts.de\/wp-content\/uploads\/2023\/07\/IMG_2763-min-1152x1536.jpg 1152w, https:\/\/julisconcepts.de\/wp-content\/uploads\/2023\/07\/IMG_2763-min-1536x2048.jpg 1536w, https:\/\/julisconcepts.de\/wp-content\/uploads\/2023\/07\/IMG_2763-min-2000x2667.jpg 2000w, https:\/\/julisconcepts.de\/wp-content\/uploads\/2023\/07\/IMG_2763-min-scaled.jpg 1920w\" sizes=\"auto, (max-width: 768px) 100vw, 768px\" \/><\/figure>\n\n\n\n<figure class=\"wp-block-image size-large\"><img loading=\"lazy\" decoding=\"async\" width=\"768\" height=\"1024\" data-id=\"113\" src=\"https:\/\/julisconcepts.de\/wp-content\/uploads\/2023\/07\/IMG_2342-768x1024.jpg\" alt=\"\" class=\"wp-image-113\" srcset=\"https:\/\/julisconcepts.de\/wp-content\/uploads\/2023\/07\/IMG_2342-768x1024.jpg 768w, https:\/\/julisconcepts.de\/wp-content\/uploads\/2023\/07\/IMG_2342-225x300.jpg 225w, https:\/\/julisconcepts.de\/wp-content\/uploads\/2023\/07\/IMG_2342-1152x1536.jpg 1152w, https:\/\/julisconcepts.de\/wp-content\/uploads\/2023\/07\/IMG_2342-1536x2048.jpg 1536w, https:\/\/julisconcepts.de\/wp-content\/uploads\/2023\/07\/IMG_2342-2000x2667.jpg 2000w, https:\/\/julisconcepts.de\/wp-content\/uploads\/2023\/07\/IMG_2342-scaled.jpg 1920w\" sizes=\"auto, (max-width: 768px) 100vw, 768px\" \/><\/figure>\n<\/figure>\n<\/div><\/div>\n\n\n\n<div class=\"wp-block-cover alignfull has-parallax is-position-center-center\" style=\"min-height:375px;aspect-ratio:unset;\"><span aria-hidden=\"true\" class=\"wp-block-cover__background has-black-background-color has-background-dim-40 has-background-dim\"><\/span><div role=\"img\" class=\"wp-block-cover__image-background wp-image-24 has-parallax\" style=\"background-position:50% 50%;background-image:url(https:\/\/julisconcepts.de\/wp-content\/themes\/inspiro\/assets\/images\/StockSnap_89BQZ89TLH.jpg)\"><\/div><div class=\"wp-block-cover__inner-container is-layout-flow wp-block-cover-is-layout-flow\">\n<p class=\"has-text-align-center has-text-color has-huge-font-size\" style=\"color:#fffffa;line-height:1.1\">&#8222;<strong>Es sind die kleinen Dinge, die uns in Atem halten<\/strong>&#8222;<\/p>\n\n\n\n<p class=\"has-text-align-center\">Daniel Jenner<\/p>\n\n\n\n<div style=\"height:39px\" aria-hidden=\"true\" class=\"wp-block-spacer\"><\/div>\n\n\n\n<div class=\"wp-block-buttons is-horizontal is-content-justification-center is-layout-flex wp-container-core-buttons-is-layout-499968f5 wp-block-buttons-is-layout-flex\">\n<div class=\"wp-block-button is-style-outline is-style-outline--4\"><a class=\"wp-block-button__link has-white-color has-text-color wp-element-button\" href=\"https:\/\/julisconcepts.de\/?page_id=43\">Kontakt<\/a><\/div>\n<\/div>\n<\/div><\/div>\n","protected":false},"excerpt":{"rendered":"<p>Ich bin Julia (21) und eine echte Sunsetcatcherin! Ich liebe die Natur, das Reisen und alles was mit Fotografie und Texten zu tun hat. F\u00fchl dich also eingeladen \u00fcber meinen Block zu st\u00f6bern. Hier teile ich ganz ungezwungen Dinge, die ich mir durch den Kopf gehen. Viel Spa\u00df beim Lesen! \u00dcber mich Hi \ud83d\ude42 Ich &hellip; <\/p>\n<p class=\"link-more\"><a href=\"https:\/\/julisconcepts.de\/\" class=\"more-link\">Mehr <span class=\"screen-reader-text\">\u00fcber &#8222;Willkommen auf meinem Blog&#8220; <\/span>Lesen<\/a><\/p>\n","protected":false},"author":1,"featured_media":100,"parent":0,"menu_order":0,"comment_status":"closed","ping_status":"closed","template":"","meta":{"footnotes":""},"class_list":["post-41","page","type-page","status-publish","has-post-thumbnail","hentry"],"_links":{"self":[{"href":"https:\/\/julisconcepts.de\/index.php?rest_route=\/wp\/v2\/pages\/41","targetHints":{"allow":["GET"]}}],"collection":[{"href":"https:\/\/julisconcepts.de\/index.php?rest_route=\/wp\/v2\/pages"}],"about":[{"href":"https:\/\/julisconcepts.de\/index.php?rest_route=\/wp\/v2\/types\/page"}],"author":[{"embeddable":true,"href":"https:\/\/julisconcepts.de\/index.php?rest_route=\/wp\/v2\/users\/1"}],"replies":[{"embeddable":true,"href":"https:\/\/julisconcepts.de\/index.php?rest_route=%2Fwp%2Fv2%2Fcomments&post=41"}],"version-history":[{"count":19,"href":"https:\/\/julisconcepts.de\/index.php?rest_route=\/wp\/v2\/pages\/41\/revisions"}],"predecessor-version":[{"id":232,"href":"https:\/\/julisconcepts.de\/index.php?rest_route=\/wp\/v2\/pages\/41\/revisions\/232"}],"wp:featuredmedia":[{"embeddable":true,"href":"https:\/\/julisconcepts.de\/index.php?rest_route=\/wp\/v2\/media\/100"}],"wp:attachment":[{"href":"https:\/\/julisconcepts.de\/index.php?rest_route=%2Fwp%2Fv2%2Fmedia&parent=41"}],"curies":[{"name":"wp","href":"https:\/\/api.w.org\/{rel}","templated":true}]}}